2?
2, 17, 107, 317
List the prime factors of 3486133.
7, 23, 59, 367
List the prime factors of 4339691.
587, 7393
List the prime factors of 457451.
47, 9733
List the prime factors of 1613858.
2, 806929
What are the prime factors of 9058033?
9058033
What are the prime factors of 2231324?
2, 557831
What are the prime factors of 272031?
3, 90677
What are the prime factors of 165856?
2, 71, 73
List the prime factors of 812029.
29, 28001
What are the prime factors of 229133?
229133
List the prime factors of 758779.
7, 61, 1777
List the prime factors of 127647.
3, 13, 1091
List the prime factors of 378042.
2, 3, 7, 9001
What are the prime factors of 11029917?
3, 3676639
List the prime factors of 7743224.
2, 967903
List the prime factors of 3389544.
2, 3, 179, 263
List the prime factors of 11882.
2, 13, 457
List the prime factors of 1347106.
2, 673553
List the prime factors of 2500487.
11, 53, 4289
What are the prime factors of 143394?
2, 3, 23899
List the prime factors of 802441.
802441
List the prime factors of 281484.
2, 3, 7, 1117
What are the prime factors of 83986?
2, 7, 857
List the prime factors of 80444.
2, 7, 13, 17
List the prime factors of 22581208.
2, 13, 179, 1213
List the prime factors of 3973056.
2, 3, 20693
List the prime factors of 10711088.
2, 17, 53, 743
List the prime factors of 11826008.
2, 1478251
What are the prime factors of 3091981?
79, 39139
List the prime factors of 20688412.
2, 1399, 3697
List the prime factors of 12040017.
3, 11, 23, 29, 547
List the prime factors of 148880.
2, 5, 1861
List the prime factors of 9209089.
9209089
What are the prime factors of 2708883?
3, 53, 631
What are the prime factors of 2253879?
3, 83477
What are the prime factors of 4012017?
3, 17, 97, 811
List the prime factors of 354949.
7, 50707
List the prime factors of 12429898.
2, 13, 191, 2503
List the prime factors of 229088.
2, 7159
List the prime factors of 54043.
11, 17
List the prime factors of 17019881.
17019881
What are the prime factors of 252137?
89, 2833
List the prime factors of 284000.
2, 5, 71
What are the prime factors of 1792698?
2, 3, 509, 587
List the prime factors of 5753961.
3, 639329
What are the prime factors of 1755794?
2, 17, 113, 457
List the prime factors of 104424.
2, 3, 19, 229
What are the prime factors of 1141663?
199, 5737
List the prime factors of 31009762.
2, 7, 2214983
List the prime factors of 1973383.
139, 14197
What are the prime factors of 8799168?
2, 3, 7, 6547
List the prime factors of 1124767.
7, 160681
What are the prime factors of 14263578?
2, 3, 7, 17, 6659
List the prime factors of 302852.
2, 11, 6883
What are the prime factors of 1199645?
5, 239929
List the prime factors of 5231036.
2, 17, 43, 1789
What are the prime factors of 7759574?
2, 269, 14423
What are the prime factors of 21567?
3, 7, 13, 79
What are the prime factors of 238252?
2, 7, 67, 127
List the prime factors of 104649.
3, 34883
What are the prime factors of 14535385?
5, 61, 47657
What are the prime factors of 208471?
17, 12263
What are the prime factors of 18607?
23, 809
List the prime factors of 306721.
41, 7481
What are the prime factors of 354810?
2, 3, 5, 11827
What are the prime factors of 19847416?
2, 2480927
List the prime factors of 5770021.
17, 339413
List the prime factors of 662323.
662323
List the prime factors of 3428993.
61, 67, 839
List the prime factors of 44503.
191, 233
What are the prime factors of 3390394?
2, 7, 242171
List the prime factors of 143144.
2, 29, 617
List the prime factors of 13496665.
5, 7, 13, 29663
List the prime factors of 1487706.
2, 3, 11, 22541
List the prime factors of 3327.
3, 1109
List the prime factors of 587514.
2, 3, 97919
What are the prime factors of 8466349?
839, 10091
What are the prime factors of 558100?
2, 5, 5581
List the prime factors of 7655030.
2, 5, 765503
List the prime factors of 422758.
2, 7, 30197
What are the prime factors of 4064406?
2, 3, 131, 5171
What are the prime factors of 5104969?
1327, 3847
What are the prime factors of 11444397?
3, 3814799
What are the prime factors of 5170529?
7, 13, 8117
What are the prime factors of 449128?
2, 31, 1811
List the prime factors of 15149363.
17, 97, 9187
List the prime factors of 234374.
2, 7, 16741
List the prime factors of 2160186.
2, 3, 7, 19, 2707
List the prime factors of 10828135.
5, 79, 347
What are the prime factors of 3085211?
17, 127, 1429
What are the prime factors of 387317?
7, 55331
List the prime factors of 5248388.
2, 389, 3373
What are the prime factors of 7043498?
2, 7, 11, 45737
List the prime factors of 289451.
37, 7823
List the prime factors of 3908916.
2, 3, 11, 9871
List the prime factors of 528837.
3, 409, 431
List the prime factors of 12713.
12713
What are the prime factors of 3170489?
7, 41, 11047
List the prime factors of 4190251.
13, 322327
List the prime factors of 1219427.
11, 17, 6521
List the prime factors of 997242.
2, 3, 166207
List the prime factors of 93370.
2, 5, 9337
List the prime factors of 2033245.
5, 406649
List the prime factors of 285274.
2, 11, 12967
List the prime factors of 149670.
2, 3, 5, 1663
List the prime factors of 35685.
3, 5, 13, 61
List the prime factors of 25013240.
2, 5, 7, 157, 569
List the prime factors of 601523.
13, 46271
What are the prime factors of 140965?
5, 11, 233
What are the prime factors of 39704778?
2, 3, 61, 36161
List the prime factors of 272263.
272263
What are the prime factors of 5379608?
2, 13, 23, 173
What are the prime factors of 765386?
2, 382693
List the prime factors of 543720.
2, 3, 5, 23, 197
List the prime factors of 10326.
2, 3, 1721
What are the prime factors of 4212992?
2, 7, 2351
What are the prime factors of 3778836?
2, 3, 314903
What are the prime factors of 2711413?
29, 93497
What are the prime factors of 9748725?
3, 5, 7, 31, 599
What are the prime factors of 3038530?
2, 5, 11, 23, 1201
What are the prime factors of 3373054?
2, 1686527
List the prime factors of 21345888.
2, 3, 43, 5171
What are the prime factors of 4877703?
3, 541967
What are the prime factors of 7263517?
31, 43, 5449
What are the prime factors of 13939921?
883, 15787
What are the prime factors of 9060236?
2, 443, 5113
List the prime factors of 116613.
3, 7, 617
List the prime factors of 50590.
2, 5, 5059
What are the prime factors of 4643693?
107, 43399
What are the prime factors of 1119057?
3, 373019
List the prime factors of 425526.
2, 3, 70921
List the prime factors of 1582972.
2, 17, 23279
What are the prime factors of 2221175?
5, 11, 41, 197
List the prime factors of 6353359.
17, 23, 16249
What are the prime factors of 336528?
2, 3, 19, 41
What are the prime factors of 4560510?
2, 3, 5, 152017
List the prime factors of 23366888.
2, 43, 67927
What are the prime factors of 56840?
2, 5, 7, 29
What are the prime factors of 65528?
2, 8191
List the prime factors of 201297.
3, 17, 3947
List the prime factors of 756958.
2, 29, 31, 421
What are the prime factors of 138090?
2, 3, 5, 4603
List the prime factors of 206103.
3, 23, 29, 103
List the prime factors of 243449.
137, 1777
List the prime factors of 5632997.
47, 119851
What are the prime factors of 17722836?
2, 3, 317, 1553
List the prime factors of 106453.
106453
List the prime factors of 10175876.
2, 47, 113, 479
What are the prime factors of 4062000?
2, 3, 5, 677
List the prime factors of 232105.
5, 61, 761
List the prime factors of 10480543.
41, 107, 2389
List the prime factors of 1705928.
2, 7, 41, 743
List the prime factors of 103889.
103889
List the prime factors of 4842649.
7, 149, 4643
What are the prime factors of 3283310?
2, 5, 328331
What are the prime factors of 1591697?
1591697
What are the prime factors of 8533624?
2, 11, 96973
List the prime factors of 1571438.
2, 11, 71429
List the prime factors of 406767.
3, 135589
What are the prime factors of 6488517?
3, 7, 31, 9967
What are the prime factors of 373759?
163, 2293
List the prime factors of 9129213.
3, 338119
List the prime factors of 15670278.
2, 3, 13, 167, 401
List the prime factors of 5107873.
101, 103, 491
List the prime factors of 17086231.
17086231
List the prime factors of 308127.
3, 271, 379
List the prime factors of 302450.
2, 5, 23, 263
What are the prime factors of 8375506?
2, 4187753
List the prime factors of 352632.
2, 3, 7, 2099
List t